 divide 50439?
False
Is 32 a factor of 3353248?
True
Is 1019409 a multiple of 4?
False
Is 515 a factor of 9914299?
False
Is 135914 a multiple of 164?
False
Is 6236250 a multiple of 25?
True
Does 8 divide 53050?
False
Is 9017888 a multiple of 1507?
True
Is 216889 a multiple of 25?
False
Is 19 a factor of 349669?
False
Does 19 divide 27835?
True
Does 623 divide 589494?
False
Is 235 a factor of 3619235?
True
Is 220325 a multiple of 166?
False
Does 919 divide 803429?
False
Is 116 a factor of 78880?
True
Is 6 a factor of 49632?
True
Is 130290 a multiple of 258?
True
Is 3253612 a multiple of 1309?
False
Is 2043097 a multiple of 621?
False
Does 13 divide 449668?
False
Is 389882 a multiple of 1064?
False
Is 9 a factor of 45288?
True
Is 112072 a multiple of 30?
False
Does 10 divide 2868000?
True
Is 625797 a multiple of 93?
True
Is 40986 a multiple of 27?
True
Does 602 divide 6415514?
True
Does 5 divide 1444235?
True
Is 13 a factor of 21073?
True
Is 153111 a multiple of 23?
True
Does 23 divide 2402281?
True
Is 5059055 a multiple of 6?
False
Is 24 a factor of 13704840?
True
Is 79 a factor of 2655585?
True
Is 3177175 a multiple of 159?
False
Does 6 divide 850410?
True
Is 10 a factor of 340860?
True
Is 4586110 a multiple of 42?
False
Does 313 divide 3231420?
False
Is 310 a factor of 4608853?
False
Is 11793156 a multiple of 236?
True
Is 1049335 a multiple of 109?
False
Is 253 a factor of 63250?
True
Does 9 divide 9152181?
True
Does 55 divide 313060?
True
Does 1666 divide 24586828?
True
Is 532 a factor of 719391?
False
Is 228350 a multiple of 66?
False
Is 6 a factor of 6792552?
True
Is 91360 a multiple of 10?
True
Is 8715232 a multiple of 8?
True
Is 650725 a multiple of 265?
False
Is 25034 a multiple of 3?
False
Is 279730 a multiple of 55?
True
Does 556 divide 332751?
False
Does 875 divide 506625?
True
Is 281202 a multiple of 60?
False
Is 60 a factor of 22705323?
False
Does 418 divide 335654?
True
Does 25 divide 23522?
False
Does 658 divide 21998?
False
Is 20293959 a multiple of 155?
False
Does 2 divide 220686?
True
Is 486525 a multiple of 15?
True
Does 3 divide 230637?
True
Does 408 divide 47736?
True
Is 14312 a multiple of 8?
True
Is 241536 a multiple of 34?
True
Is 2 a factor of 83421?
False
Does 18 divide 22086?
True
Is 30 a factor of 1224686?
False
Is 17 a factor of 376992?
True
Is 632 a factor of 645032?
False
Is 1811853 a multiple of 37?
True
Is 371365 a multiple of 289?
True
Is 1025937 a multiple of 241?
True
Is 1179953 a multiple of 31?
True
Is 373 a factor of 6696469?
True
Is 15 a factor of 743250?
True
Does 33 divide 41019?
True
Is 10 a factor of 109333?
False
Does 70 divide 368989?
False
Does 548 divide 1986500?
True
Is 49918 a multiple of 11?
True
Is 42449 a multiple of 81?
False
Is 4 a factor of 973695?
False
Does 5 divide 3169?
False
Is 267 a factor of 5858635?
False
Does 157 divide 1011551?
True
Does 6 divide 80142?
True
Is 4045297 a multiple of 6?
False
Is 1123 a factor of 1943913?
True
Is 20406622 a multiple of 15?
False
Is 1060839 a multiple of 9?
True
Is 250 a factor of 175250?
True
Is 259232 a multiple of 31?
False
Is 1294020 a multiple of 195?
True
Is 2039256 a multiple of 972?
True
Does 20 divide 130753?
False
Is 83 a factor of 687223?
False
Is 8 a factor of 10677?
False
Is 94160 a multiple of 55?
True
Does 5 divide 24410?
True
Is 359074 a multiple of 795?
False
Is 775 a factor of 324725?
True
Is 88 a factor of 140198?
False
Is 6604578 a multiple of 531?
True
Does 1215 divide 4994936?
False
Is 23 a factor of 20643?
False
Is 74415 a multiple of 615?
True
Does 11 divide 1069514?
False
Does 6 divide 1284132?
True
Does 8 divide 24609?
False
Does 44 divide 108510?
False
Is 337 a factor of 155694?
True
Is 276525 a multiple of 165?
False
Does 11 divide 846549?
True
Does 56 divide 1047597?
False
Is 434355 a multiple of 45?
False
Does 17 divide 45883?
True
Is 8 a factor of 8694?
False
Does 47 divide 2131069?
False
Is 874 a factor of 1567956?
True
Is 24951 a multiple of 77?
False
Is 975390 a multiple of 183?
True
Is 114 a factor of 472834?
False
Is 1640 a factor of 8060771?
False
Is 89669 a multiple of 191?
False
Does 27 divide 311426?
False
Is 151549 a multiple of 40?
False
Is 32 a factor of 94528?
True
Is 22 a factor of 1743045?
False
Is 269 a factor of 572248?
False
Does 37 divide 220816?
True
Is 10 a factor of 34966060?
True
Does 32 divide 9486?
False
Is 239096 a multiple of 52?
True
Does 44 divide 6292?
True
Is 755600 a multiple of 16?
True
Is 4011 a multiple of 191?
True
Is 1286246 a multiple of 35?
False
Is 45 a factor of 143194?
False
Is 249054 a multiple of 128?
False
Does 22 divide 771715?
False
Is 4208182 a multiple of 1357?
False
Is 135 a factor of 30225?
False
Is 15212 a multiple of 129?
False
Is 255 a factor of 17768655?
True
Is 3 a factor of 41181?
True
Is 9919 even?
False
Is 218 a factor of 506850?
True
Does 236 divide 693132?
True
Is 222118 a multiple of 271?
False
Is 552114 a multiple of 222?
True
Is 42624 a multiple of 179?
False
Does 6 divide 375602?
False
Is 272162 a multiple of 89?
True
Is 1113943 a multiple of 11?
False
Is 121858 a multiple of 22?
True
Is 784485 a multiple of 81?
True
Is 32 a factor of 644704?
True
Is 197 a factor of 1349647?
True
Does 12 divide 269839?
False
Is 8541075 a multiple of 36?
False
Is 495 a factor of 6259917?
False
Is 561 a factor of 13883067?
True
Is 77650 a multiple of 92?
False
Is 122 a factor of 793344?
False
Does 28 divide 1157072?
True
Does 113 divide 699131?
True
Is 1754116 a multiple of 182?
True
Is 51 a factor of 60056?
False
Does 311 divide 1717031?
True
Is 667232 even?
True
Is 19 a factor of 1538076?
False
Is 18 a factor of 228600?
True
Is 167 a factor of 559617?
True
Is 57960 a multiple of 7?
True
Is 9865390 a multiple of 59?
True
Is 1004930 a multiple of 21?
False
Does 307 divide 112649?
False
Is 15 a factor of 1299090?
True
Is 3327030 a multiple of 9?
True
Does 24 divide 2312697?
False
Does 19 divide 4146228?
False
Does 36 divide 1063080?
True
Is 141 a factor of 64437?
True
Is 2 a factor of 3747?
False
Does 756 divide 75911?
False
Does 33 divide 1116911?
False
Does 446 divide 271168?
True
Is 7376121 a multiple of 85?
False
Does 151 divide 360588?
True
Is 33 a factor of 2193015?
True
Is 15 a factor of 4544700?
True
Is 82 a factor of 632379?
False
Does 7 divide 508557?
True
Does 321 divide 482463?
True
Is 147 a factor of 46548?
False
Is 1126301 a multiple of 11?
True
Does 212 divide 1382664?
True
Is 129585 a multiple of 53?
True
Does 243 divide 521148?
False
Is 461 a factor of 1832667?
False
Is 498492 a multiple of 366?
True
Is 211 a factor of 41714?
False
Is 56 a factor of 366323?
False
Is 68 a factor of 3808?
True
Is 16457116 a multiple of 13?
True
Does 96 divide 26880?
True
Is 352647 a multiple of 9?
True
Is 128209 a multiple of 3?
False
Does 515 divide 390247?
False
Does 114 divide 123006?
True
Does 230 divide 819490?
True
Is 6 a factor of 6096?
True
Is 340 a factor of 25492?
False
Does 27 divide 1104403?
False
Is 78 a factor of 123887?
False
Is 11955405 a multiple of 14?
False
Is 125628 a multiple of 174?
True
Is 24 a factor of 33722?
False
Is 7830920 a multiple of 1429?
True
Is 91 a factor of 2441712?
True
Does 5 divide 17048?
False
Is 5753 a multiple of 6?
False
Is 122600 a multiple of 291?
False
Does 39 divide 16340628?
False
Does 15 divide 980265?
True
Is 138159 a multiple of 51?
True
Is 228 a factor of 216144?
True
Is 77 a factor of 203896?
True
Is 9 a factor of 2162764?
False
Is 1011 a factor of 4260354?
True
Is 7 a factor of 91434?
True
Is 255 a factor of 748503?
False
Is 14 a factor of 142391?
False
Is 62 a factor of 182466?
True
Does 7 divide 35186?
False
Does 17 divide 7821371?
False
Is 69062 a multiple of 3?
False
Is 95 a factor of 677186?
False
Does 251 divide 97639?
True
Is 86 a factor of 4998993?
False
Is 127 a factor of 52197?
True
Does 9 divide 2650122?
True
Is 79400 a multiple of 43?
False
Does 49 divide 6881956?
False
Is 2 a factor of 3979737?
False
Is 26 a factor of 5583696?
False
Is 6847114 a multiple of 17?
False
Does 5 divide 409156?
False
Is 440025 a multiple of 25?
True
Does 160 divide 283888?
False
Is 54745 a multiple of 19?
False
Is 23 a factor of 253690?
True
Is 707 a factor of 81847?
False
Does 319 divide 2736382?
True
Is 9 a factor of 101089?
F